 j = -24 + 37. Let p be (j + -17)*1*-47. Suppose 2*c = 7*c + 2*h - 953, -c = 3*h - p. Is c a composite number?
False
Suppose 3*w - 65499 + 10596 = 0. Is w a composite number?
False
Let g(r) = -r**3 + 24*r**2 - 24*r + 27. Let w be g(22). Suppose -2*n = w - 1185. Is n composite?
False
Suppose 0 = -4*y + 4*m + 32224, -5*m = -10*m - 15. Is y a composite number?
False
Let o = 2268 + -619. Is o a composite number?
True
Suppose -36 = 5*v - 2*d, 0 = -0*v + v + 2*d. Is (296 - -1) + (v - -8) composite?
True
Let x = 22 - 20. Suppose -d - 1071 = x*d. Let l = d + 514. Is l prime?
True
Let f = -159 + 661. Is (4/(-8))/(-3 - (-1505)/f) composite?
False
Let f(n) = -5*n**3 + 6*n**2 - 39*n + 15. Is f(-8) prime?
True
Let q be 18322/9 - (32/18 + -2). Suppose 5*m - q = m. Is m prime?
True
Is (3 - 2)*-24151*(-6 + 5) prime?
True
Let r = -469 + 3190. Is r a composite number?
True
Suppose -3*d + 6*d - 19381 = 2*n, -19365 = -3*d + 6*n. Is d a composite number?
True
Suppose 0 = 3*g - 4*t - 3167, 2*g + 2*g + 5*t - 4171 = 0. Is g prime?
True
Let q = 368 + 409. Let o = 1228 - q. Is o a composite number?
True
Suppose 4 + 20 = -4*a. Let k be a/((-8)/(-4)) - -9. Is ((-452)/k)/(8/(-12)) a prime number?
True
Let m(j) = j**2 + 13*j + 26. Let p be m(-10). Is 6/p*(4 + (-10486)/21) prime?
True
Let g = -2154 - 539. Let u = g - -4230. Is u composite?
True
Let z be (-2)/(-12) + (-4)/24. Suppose -5*w = 3*y - z*w - 17923, -5*w - 17963 = -3*y. Is y composite?
False
Let f = -25295 + 37480. Is f prime?
False
Let m = 351 + -251. Let f = m - 47. Is f prime?
True
Let k = 3 - -7. Let t = 10 - k. Suppose -4*q = -t*q - 844. Is q composite?
False
Let o = 26915 - 15408. Is o composite?
True
Let z(n) = 12*n**2 - 270*n - 7. Is z(50) prime?
True
Suppose -3*u + 13361 = 1394. Is u a prime number?
True
Let w = 569 - 500. Is w composite?
True
Suppose 4*i = -3*d + 959 + 2961, 0 = 3*i - d - 2927. Is i a composite number?
False
Let l(i) = 1411*i - 95. Is l(4) prime?
False
Suppose -i - 2*o - 871 = 0, -5*i + 5*o = 2*o + 4316. Let d = 484 - 1056. Let g = d - i. Is g prime?
True
Is 28761/9*(-7)/((-63)/27) a composite number?
False
Let y(h) = 88289*h**2 + 145*h + 145. Is y(-1) a prime number?
True
Suppose 1352 = 2*h - s, -5*h - 3*s + 2*s + 3387 = 0. Let w = h - 340. Is w a composite number?
False
Let p be 7 + (2 - (-8)/(-2)). Suppose 5*m - 1209 = -64. Suppose 3*t + 3*o - 136 = 101, -3*t - p*o + m = 0. Is t a composite number?
False
Let x(h) = 211*h + 2. Let g be x(-2). Let o = -241 - g. Is o a composite number?
False
Suppose m = 4*u - 75047, m - 11462 = -5*u + 82358. Is u prime?
False
Let j = -48966 - -72055. Is j prime?
False
Is 875328/48 - 3*3 prime?
False
Is 1/(8/118)*(-4 + 8) prime?
True
Suppose 0 = -2*x - l + 23318, 0*x - 2*x + 23330 = 4*l. Is x a prime number?
True
Let o = 53 + -50. Suppose 77 + 378 = s - w, o*w + 2271 = 5*s. Is s prime?
False
Let j = 25 + -20. Suppose 4*m - 1498 = -2*y, -2*m - 8*y = -j*y - 755. Is m a composite number?
False
Let o(y) = -y + 6. Let n be o(7). Let i be 3/3*(n - -1). Suppose i*s + 545 = s. Is s a composite number?
True
Suppose 0 = p - 5*p + 16. Let d(w) = -5*w - 4. Let t be d(p). Is 51/(-4)*t/6 prime?
False
Let a = 40870 - 20277. Is a a prime number?
True
Let x = 46 + -44. Is (1451 - -15)*x/4 a prime number?
True
Let g = -1302 + 4393. Is g a prime number?
False
Is 5698/3 - 5/(-3) prime?
True
Let t be -37 + 8/(4/1). Let a = t - -1180. Is a composite?
True
Suppose -5*a - 20 = -a, -2*b + 3*a + 3 = 0. Is (-1108)/(-24) + 1/b composite?
True
Let y be (-5 + 3)*-1 - -3. Suppose g = -3*g + 3*p - 2, g - 11 = -y*p. Is -1 + -3 - (g - 504) a prime number?
True
Let v(o) = o**2 + 8*o + 4. Let d be v(-8). Is 677 + -4 + d - 4 composite?
False
Let i(x) be the second derivative of -7*x**4/8 + 5*x**3/6 + 3*x**2 - 2*x. Let b(l) be the first derivative of i(l). Is b(-4) prime?
True
Suppose 4*d - 24 = -4*d. Suppose -d*m = 4*f - 2885, 2785 = 5*m - 2*f - 2058. Is m a composite number?
False
Suppose 27282 = 5*x + 2*q, 2*x - 2*q - 14068 = -3144. Is x composite?
True
Suppose 3*a + 2*z + 0*z - 28 = 0, -2*a + 4*z = -24. Let t = a + -7. Suppose 2*m = -0*m - t*v + 355, -4*v + 891 = 5*m. Is m prime?
True
Let k be (0 - 1)/(1/(-30)). Suppose 4156 = k*p - 26*p. Is p a composite number?
False
Suppose 3*v - 11 = 7. Is (-1)/(-2)*v - (-5168)/8 a composite number?
True
Suppose 9 = 20*q - 17*q. Suppose q*p - 6553 = 956. Is p composite?
False
Let f be (-1100)/(-6)*(1 + 2). Suppose -5*d + 340 = -f. Is d prime?
False
Suppose -89*c + 73*c = -45776. Is c prime?
True
Let n(d) = -50*d - 172*d - 76 + 71. Let c be n(-5). Let i = -776 + c. Is i a prime number?
False
Let m(l) = -2*l**3 + 16*l**2 - 40*l - 67. Is m(-15) a prime number?
True
Let l(g) = 116*g + 49. Is l(5) a prime number?
False
Suppose -5*s + 2*s - x + 5194 = 0, -4*x - 3486 = -2*s. Is s a prime number?
True
Suppose -r + 5*r + 48 = -4*m, 0 = -2*r - m - 20. Let c = r - 3. Let q = c - -68. Is q a prime number?
False
Suppose 4*m + 44205 = -5*r + 10789, -r - 6668 = -3*m. Let v be (r/12)/((-6)/9). Suppose 2*w = 7*w - v. Is w prime?
True
Let r = 1702 - 968. Is r a prime number?
False
Suppose -2*v + 1984 = 2*v. Suppose -103 - 232 = z. Let q = z + v. Is q a composite number?
True
Suppose 4*r + 82 = 3*g - 328, 664 = 5*g + 3*r. Suppose 50 = 4*q - g. Let v = q - -33. Is v a composite number?
False
Suppose 2374 = 5*o - 1636. Is o a composite number?
True
Let l(s) = -3191*s**3 - 3*s**2 - 6*s - 3. Is l(-1) a composite number?
False
Let s(q) = 11*q**2 + 3*q - 1. Is s(1) a composite number?
False
Suppose -p + 5660 = 4*p + 4*q, -4528 = -4*p + 4*q. Let x = p + -795. Is x a composite number?
False
Let r be (-2)/(-6)*39/13. Let s be ((r - 4) + 5)*-2. Is ((-127)/3)/(s/36) a prime number?
False
Suppose 0*w + w - 4 = 0, 4 = -5*l - 4*w. Let k(u) = -87*u - 17. Is k(l) composite?
False
Suppose -544 = -2*a + 4*d, a + d - 35 = 240. Suppose -4*i - 651 = -3*b + a, -3*b + 2*i = -917. Suppose 4*h = b + 341. Is h prime?
False
Let c(s) = 236*s**2 - 16*s + 27. Is c(-5) prime?
True
Suppose 0 = 5*l + 4*u - 27469, 9*u = 10*u - 1. Is l a prime number?
False
Let u(h) = -21*h**2 + 3*h - 3. Let l be u(-5). Let t = -330 - l. Suppose -q = 4*r - 284, -r + q + t = 2*r. Is r prime?
True
Let k = -568 + 2001. Let d = k - 1020. Is d a composite number?
True
Is ((-15)/((-45)/(-23442)))/(-2) a composite number?
False
Let q(f) = 1161*f + 47. Is q(14) a composite number?
False
Let u(h) = 2 + 0 - 1 + 86*h + 1. Let f(a) = -86*a - 1. Let x(v) = -6*f(v) - 5*u(v). Is x(3) a prime number?
False
Let g = 1048 - 447. Suppose t - 188 = g. Is t a composite number?
True
Suppose -41*h + 46*h = 9670. Is h a prime number?
False
Let x be 8/(0 + 3 + -1). Suppose 0 = -o + 3*o + x. Is 14*((-7)/o - 1) a prime number?
False
Let f = 23 + -45. Let n = -32 - f. Is 3064/10 + (-6)/n prime?
True
Let v(r) = -13*r - 33 + 3*r - 28*r + 8. Is v(-9) composite?
False
Let s be ((0 - 0)/2)/(-1). Suppose 0 = -4*w - 5*v + 56, 4*w + 4*v + 18 - 70 = s. Let m(g) = g**3 - 9*g**2 + 5*g + 6. Is m(w) a composite number?
True
Suppose -2*o - 8 = -36. Let x be 6/21 - (-108)/o. Suppose -c = -x - 3. Is c prime?
True
Let w(f) = f**3 - 3*f**2 - 2*f - 9. Let b(h) = -h**2 + 10*h + 17. Let r be b(11). Is w(r) a composite number?
True
Let a(j) = 5 - 450*j**2 + 692*j**2 + 7*j + 707*j**2. Is a(-2) prime?
False
Let p(j) = 770*j**2 - 10*j + 11. Suppose -1 = 2*u - 3*u. Is p(u) prime?
False
Let b be 4/(-14) + (-3348)/(-7). Suppose -4*i = -a + 102 + 125, 2*a - b = -4*i. Let p = a - 12. Is p a composite number?
False
Let g be (1 - (-1)/(-1)) + 32 + 2. Is 959/3 + g/(-51) a prime number?
False
Suppose -3*s + 12 = -3*y, -s + 3*s - 8 = 0. Suppose y = -4*a - 3*u + 320, 0 = 4*a - 0*u + 4*u - 316. Is a prime?
True
Let k = -286 + 605. Is k composite?
True
Suppose -11361 = -3*v - 3852. Is v prime?
True
Let w be (-6)/5*(-5)/(-10)*10. Let n(h) = -22*h + 29. Is n(w) prime?
False
Let u(b) = b**2 + 4*b - 2. Let o be u(-5). Suppose -7*k = -o*k - 12. Suppose -k*y = 2*y - 2905. Is y composite?
True
Suppose 69*f - 68*f - 5953 = 0. Is f a composite number?
False
Suppose -d - 2*d - 6 = 3*x, 0 = 4*d + 3*x + 8. Let s be 0 - (-2 + 1 - 0). Is s/d*(-1582)/7 composite?
False
Let w = 27 - 31. Is w/6*102/(-2) prime?
False
Suppose 2*o + 5*q - 317 - 1421 = 0, -4*o - q = -3512. Suppose -n + o + 14 = 0. Is n